 y(20). What is the greatest common factor of l and 10?
5
Let i = -4 - -4. Suppose i = -3*j + j. Let p be 1 - j - -1*14. What is the highest common factor of p and 15?
15
Let v(g) = -g + 8*g - 5 - 1. Let h be v(4). Suppose 0 = -2*x + 4*s + 110, 2*s + 2*s = 0. Calculate the highest common divisor of x and h.
11
Suppose -2*l + 4*o + 146 = 0, -l + 4*o + 1 = -76. Let p = -24 + l. What is the greatest common factor of 9 and p?
9
Suppose 0*f = 5*f - 30. Calculate the highest common factor of f and 6.
6
Let h(d) = -d**3 - 23*d**2 - 95*d - 2. Let p be h(-18). Suppose -4*y - y + 55 = 0. Calculate the greatest common factor of p and y.
11
Let j(z) = 3*z**2 + 4*z + 5. Let s be j(-5). What is the highest common divisor of s and 24?
12
Suppose 2*d + 48 = 3*c, -6*c = -11*c - 5*d + 105. Calculate the highest common factor of c and 72.
18
Let q = 20 + -15. Let d = 11 - 60. Let x = d + 69. What is the highest common factor of q and x?
5
Let x be -2 + 18 + -3 + 2. Let j = 33 - x. Let s be 9*10/(1 - 0). Calculate the highest common divisor of s and j.
18
Let g(m) = -2*m**2 + 2*m - 1. Let p be g(1). Let f be 12/((-47)/(-44) + p). Suppose 0*q - q + 22 = 0. Calculate the highest common divisor of q and f.
22
Suppose -t = -2*l - 14, -6 = -2*l + 2. Let r = 3 + 0. Suppose r*h = h + 22. Calculate the highest common divisor of t and h.
11
Suppose -4*v = -8*v + 40. Let j(u) = u**3 - 6*u**2 + 5*u - 8. Let a be j(6). Let o = a - 12. What is the greatest common factor of v and o?
10
Let t = 1 - 3. Suppose -2 = -w + 2. Let d = t + w. What is the highest common divisor of 16 and d?
2
Let s(f) = 2*f + 5. Let h be s(4). What is the highest common divisor of h and 143?
13
Let a be 19 + -2 + 8 + -3. What is the greatest common factor of a and 66?
22
Let c be (-6 - -23)/((-2)/(-10)). What is the greatest common factor of 17 and c?
17
Let u(t) = t**3 + 10*t**2 + 13*t + 12. Let c be u(-8). Suppose -13 = -2*q - 1. Let p be (-374)/(-33) - (-4)/q. What is the highest common factor of p and c?
12
Let p be ((-11)/4)/(10 - (-123)/(-12)). Suppose 3*y + 282 = 3*m, m = 4*y + 109 - 30. What is the greatest common divisor of p and m?
11
Let g be (-24)/15*(-20)/2. Calculate the highest common divisor of g and 1.
1
Suppose 4*b = 3*b + 12. What is the greatest common factor of b and 42?
6
Let z be 2/3 + (-68)/(-6). Let b = -7 - -3. Let h be (0 + -4)*(-16 - b). What is the greatest common divisor of z and h?
12
Let i = -72 - -142. Calculate the highest common divisor of i and 28.
14
Let z be (-1344)/(-20) - 2 - (-3)/(-15). Calculate the greatest common divisor of 5 and z.
5
Let r = 35 - -9. What is the greatest common divisor of 11 and r?
11
Suppose t - 2*o - 20 = 0, 3*t + 2*o - 67 = 33. What is the highest common divisor of t and 45?
15
Let f(m) = -3*m - 3. Let g(i) = -i - 9. Let y be g(-4). Let t be f(y). Let v = 364 - 334. What is the highest common divisor of t and v?
6
Suppose -2*z = 3*h - 7*z - 106, 0 = h + 4*z - 7. Calculate the greatest common divisor of h and 216.
27
Suppose 5*v = i + 155 + 61, 32 = v - 3*i. Let a = -34 + 34. Let g be -1 + a + 5 - -7. What is the highest common factor of v and g?
11
Suppose -4*y = -k - 4*k + 74, 8 = 2*y. Let p(l) = 0 + 3 + 2*l + 8*l - 13*l. Let w be p(-1). What is the highest common divisor of w and k?
6
Let f be (3 - 0)/(3/2). Let a be (-1)/f - 242/(-4). Suppose s - 6*s = -a. What is the greatest common divisor of s and 4?
4
Suppose 0 = 3*w - 18 - 45. What is the greatest common factor of w and 28?
7
Suppose f - 23 = 19. What is the greatest common factor of 63 and f?
21
Let f be ((-66)/(-10))/(1/15). What is the greatest common factor of f and 11?
11
Let j be (4/5)/(4/50). Suppose 2*s + 4*t - 28 = 0, 6*s - j = s + 2*t. Calculate the highest common divisor of 6 and s.
2
Let h be 154/10 - (-9)/15. What is the greatest common factor of 80 and h?
16
Suppose 2*t = 37 + 95. What is the greatest common factor of t and 6?
6
Let d = -9 - -16. Calculate the highest common factor of d and 56.
7
Suppose 4*c - 8 - 4 = 0. Suppose -4*l - 4*u + c = -1, 0 = 2*l - 2*u - 6. What is the highest common factor of l and 2?
2
Suppose -8*a = -5*a - 168. What is the greatest common factor of a and 42?
14
Suppose 0 = -3*v + 8 - 2. Let r = 3 - v. Let y be 2 - (r - (-2 - -51)). Calculate the greatest common divisor of y and 20.
10
Suppose -22 + 8 = -2*s. What is the highest common divisor of s and 7?
7
Suppose 24 = -4*c - 4*r, 4*c + 2*r + 14 = -0*c. Let a be 5 + -2 - 6/c. What is the highest common factor of a and 63?
9
Let v = 18 + -12. Suppose 4*o = 2*o. Suppose o*q - 5*q + 75 = 0. Calculate the greatest common factor of v and q.
3
Let d = -6 - -9. Let i be 18*(-1)/(3/3). Let p be (i/15)/((-3)/30). What is the highest common divisor of d and p?
3
Let j = -88 + 106. What is the highest common factor of j and 45?
9
Let d = 51 + -78. Let o = d - -49. What is the highest common factor of o and 154?
22
Let d be (-26)/(-10) + 14/35. Suppose 4*x - 2*x = 4*u + 40, 0 = d*x + u - 32. Calculate the highest common divisor of 4 and x.
4
Let s(u) = u - 2. Suppose 0 = 2*a - 6. Let y be s(a). Let t = -31 - -38. Calculate the greatest common factor of t and y.
1
Let v be (70/25 - 4)*-30. What is the greatest common factor of v and 24?
12
Let z be 1/(-3) + 85/3. Let h = 47 + -33. Calculate the highest common divisor of z and h.
14
Let h be (-75)/(-3)*(-16)/(-10). Suppose -q + h = 13. Let w = -16 + q. What is the highest common divisor of w and 77?
11
Let g be (2/3)/((-2)/144). Let s = -31 - g. Let i = -44 - -95. Calculate the greatest common divisor of i and s.
17
Suppose -2 = 3*s - s. Let n(m) = -42*m - 1. Let l be n(s). Suppose -o + 9 + 4 = -2*i, -4*o = 3*i - l. What is the greatest common divisor of o and 121?
11
Let x be 374/14 + -1 + 12/42. Calculate the greatest common divisor of x and 91.
13
Let l be ((-9)/12)/((-2)/24). Let k be (8/(-6))/(2/l). Let p be (-62)/(-6) + 2/k. What is the highest common factor of 50 and p?
10
Suppose 2*o - 35 = o. Calculate the greatest common divisor of 5 and o.
5
Let r(v) = 3*v - 35 + 2*v + 40 + v**2. Let f be r(-5). Calculate the highest common divisor of f and 35.
5
Let a = -14 + 15. Suppose 5*c + 5*j - 45 = 0, c + 2*j = -4*c + 30. Let z be c/(-22) - (-303)/33. What is the highest common factor of z and a?
1
Let t(g) = -3*g + 46. Let k be t(15). Let a(m) = -m**3 + m**2 - 1. Let f be a(-1). What is the highest common divisor of f and k?
1
Let d = -5 - -8. Suppose i + 22 = d*i. Let s(b) = b**2 + b + 99. Let a be s(0). What is the highest common factor of a and i?
11
Suppose 5*r - 5*i - 1806 = -7*i, i - 3 = 0. What is the highest common factor of 45 and r?
45
Let o be 4/(-8)*(-56)/2. What is the highest common factor of 126 and o?
14
Let s = 35 + -3. Suppose 0 = -4*o - 3*m + 93, -3*o - 5*m = -5*o + 79. Suppose 123 - o = 2*z. Calculate the highest common divisor of z and s.
16
Let f = -3 + 3. Suppose 2*a - 5*j - 91 = 38, f = -5*a + 2*j + 354. Let z be 18/(5 + -2 - 1). What is the greatest common divisor of z and a?
9
Suppose 2*g - 3*g = 2. Let z(m) = -4*m**3 - 2*m**2 - 2*m - 1. Let i be z(g). Calculate the greatest common divisor of 9 and i.
9
Suppose -3*u + 10 = 2*o, 5*u + 9 = -3*o + 25. Let f = o - -1. Suppose -2*h = -5*h + 18. What is the highest common divisor of f and h?
3
Suppose 0*v = v + o - 32, -8 = -2*o. Let s = 5 + -2. Let t(l) = 2*l + 1. Let b be t(s). What is the greatest common factor of v and b?
7
Suppose k - l = 2*l + 113, -5*l = -10. Suppose -b + 15 = p, p - 5*p = -4*b - 76. What is the greatest common factor of k and p?
17
Let b be -2 + 2 + (1 - 2). Let a be -1*b/(-1) + 1. Let r be (1 - 1 - -60) + a. What is the greatest common divisor of 24 and r?
12
Suppose 4*z = 84 - 24. What is the greatest common factor of 6 and z?
3
Let s = -5 - -22. Let v be 2/((2/56)/1). Suppose -v = -4*a + 3*u, -5*a + 0*u + 89 = u. Calculate the highest common factor of a and s.
17
Suppose -4*k + 5*k - 44 = 5*n, 0 = k - 2*n - 32. Calculate the greatest common factor of 6 and k.
6
Let t be (-26)/2 + (0 - -1). Let h be (t/(-20))/(1/5). What is the greatest common factor of h and 3?
3
Let c(u) = -u + 4. Let h be c(3). Let t be (-1)/h - 1 - -6. Suppose -3*d - t*a + 33 = 0, -4*a - 44 = -d - 3*d. Calculate the highest common factor of 11 and d.
11
Let f = -184 - -196. C